08?
False
Is 589 a factor of 26618677?
True
Is 12 a factor of 11372071?
False
Is 45356365 a multiple of 167?
True
Is 1990299 a multiple of 12?
False
Is 16433208 a multiple of 72?
True
Does 157 divide 32306?
False
Is 1175371678 a multiple of 13?
True
Does 7352 divide 1409466624?
True
Does 3381 divide 168451563?
True
Is 516 a factor of 20994344?
False
Does 309 divide 41837364?
True
Is 419197400 a multiple of 100?
True
Is 413 a factor of 16976365?
True
Does 25 divide 52079500?
True
Is 142099710 a multiple of 30?
True
Is 1691 a factor of 154936184?
True
Is 27 a factor of 1298740635?
True
Is 59 a factor of 91138746?
False
Is 4 a factor of 504923721?
False
Is 57784460 a multiple of 5?
True
Is 7690207 a multiple of 41?
False
Is 568404983 a multiple of 2221?
True
Does 90 divide 171305142?
False
Is 45014800 a multiple of 100?
True
Is 470312200 a multiple of 100?
True
Is 5 a factor of 78270?
True
Does 148 divide 425007900?
True
Is 676 a factor of 332595380?
True
Is 8539 a factor of 806976194?
False
Is 313171789 a multiple of 3036?
False
Does 140 divide 482553960?
True
Is 1752 a factor of 17756520?
True
Is 15 a factor of 841600948?
False
Is 31395127 a multiple of 138?
False
Is 3305 a factor of 144894505?
True
Is 26 a factor of 1137888770?
False
Does 1040 divide 21354917?
False
Does 88 divide 160492708?
False
Is 46218700 a multiple of 5?
True
Is 1577699816 a multiple of 154?
True
Is 34 a factor of 51250988?
True
Does 44 divide 717388291?
False
Is 48 a factor of 268994772?
False
Is 96 a factor of 32119248?
False
Is 875842155 a multiple of 5725?
False
Does 504 divide 188127072?
True
Is 20854775 a multiple of 25?
True
Does 5 divide 213744143?
False
Is 85260566 a multiple of 330?
False
Is 1127 a factor of 3164571395?
False
Does 9 divide 63967858?
False
Is 124335110 a multiple of 170?
True
Is 2913 a factor of 126515318?
False
Is 16 a factor of 1765034784?
True
Does 17 divide 3451099615?
False
Does 249 divide 65808386?
False
Is 1827809524 a multiple of 202?
True
Is 8 a factor of 47941224?
True
Does 12 divide 2187000?
True
Does 269 divide 22094315?
True
Does 384 divide 94285381?
False
Is 226780 a multiple of 85?
True
Does 21 divide 2116786613?
False
Is 24494333 a multiple of 107?
True
Is 40 a factor of 25398960?
True
Does 171 divide 32355936?
True
Does 17 divide 23398154?
True
Is 33689889 a multiple of 624?
False
Is 60031376 a multiple of 27?
False
Is 321 a factor of 114634557?
True
Is 425646534 a multiple of 12?
False
Is 19 a factor of 42996753?
True
Does 1984 divide 291122240?
True
Is 32687247 a multiple of 103?
False
Does 7 divide 12602121?
True
Is 6608700 a multiple of 252?
True
Does 26 divide 228364804?
False
Is 259 a factor of 9290938?
False
Is 274 a factor of 2681547049?
False
Is 287 a factor of 1078147904?
False
Does 100 divide 44466078?
False
Is 51 a factor of 154767680?
False
Is 14 a factor of 209175610?
True
Does 30 divide 4935540?
True
Is 620385230 a multiple of 8?
False
Is 29562318 a multiple of 347?
True
Is 43163428 a multiple of 154?
True
Is 3163194390 a multiple of 534?
True
Is 4140653972 a multiple of 14?
True
Is 710 a factor of 1202740?
True
Does 6 divide 7502175?
False
Is 112961400 a multiple of 6382?
True
Is 61347829 a multiple of 11?
False
Does 655 divide 26214410?
True
Is 58 a factor of 363799896?
True
Does 3227 divide 100343565?
True
Is 13 a factor of 524359485?
True
Is 101 a factor of 43700711?
False
Is 132178449 a multiple of 2?
False
Is 23 a factor of 1242918114?
True
Is 186 a factor of 14318094?
True
Is 42346902 a multiple of 291?
True
Is 150 a factor of 6755374?
False
Is 5038193 a multiple of 32?
False
Does 453 divide 128775669?
True
Does 15 divide 1763335491?
False
Is 3579 a factor of 412157640?
True
Does 882 divide 4066020?
True
Does 4175 divide 738210056?
False
Is 582 a factor of 6931620?
True
Is 500850503 a multiple of 29?
True
Is 2156 a factor of 385833448?
True
Does 57 divide 16540317?
True
Does 709 divide 5194803?
False
Is 998626167 a multiple of 63?
True
Is 12 a factor of 18192264?
True
Is 10825040 a multiple of 10?
True
Is 527 a factor of 12086854?
False
Is 30 a factor of 34383480?
True
Is 1212 a factor of 115652676?
True
Is 18976639 a multiple of 2?
False
Is 53031732 a multiple of 12?
True
Does 170 divide 417766670?
True
Is 37125450 a multiple of 575?
True
Is 37774262 a multiple of 37?
True
Is 130096207 a multiple of 1033?
False
Is 35 a factor of 6299516?
False
Is 18 a factor of 145395597?
False
Does 280 divide 3813952993?
False
Is 13238764 a multiple of 583?
True
Is 33762952 a multiple of 68?
True
Is 1075634264 a multiple of 33?
False
Does 4 divide 14609893?
False
Does 1765 divide 4824078585?
True
Is 309467120 a multiple of 290?
True
Is 127 a factor of 219359821?
False
Is 18660941 a multiple of 4?
False
Is 1556779534 a multiple of 32?
False
Does 512 divide 163335726?
False
Is 50 a factor of 426359414?
False
Is 14 a factor of 90548262?
True
Does 814 divide 370287786?
True
Does 584 divide 90683564?
False
Does 4 divide 620726448?
True
Is 356759985 a multiple of 7?
False
Is 294601767 a multiple of 913?
False
Is 260249250 a multiple of 1765?
True
Is 191030353 a multiple of 11?
False
Is 282344400 a multiple of 30?
True
Does 211 divide 322630?
False
Is 1043 a factor of 96597445?
True
Is 14577025 a multiple of 25?
True
Does 355 divide 2111713595?
True
Is 2671494570 a multiple of 47?
True
Does 113 divide 363472877?
False
Does 4 divide 131711375?
False
Is 5599556 a multiple of 244?
True
Does 77 divide 75551014?
True
Is 2808941886 a multiple of 4702?
True
Does 286 divide 8041205?
False
Is 12 a factor of 10339345?
False
Is 3 a factor of 655023?
True
Does 44 divide 168646713?
False
Is 770 a factor of 268573906?
False
Does 163 divide 3882318096?
False
Is 63190296 a multiple of 36?
True
Is 3110 a factor of 80814926?
False
Does 814 divide 293907?
False
Does 42 divide 269601150?
True
Is 126868364 a multiple of 1228?
True
Is 15931770 a multiple of 118?
True
Is 98014484 a multiple of 5?
False
Is 117480496 a multiple of 14?
True
Is 10 a factor of 29600700?
True
Does 110 divide 1714250780?
True
Is 21653937 a multiple of 76?
False
Does 5939 divide 510611272?
False
Does 89 divide 151354776?
False
Is 433096 a multiple of 53?
False
Is 1016628254 a multiple of 111?
False
Does 599 divide 37611809?
True
Is 101 a factor of 528811446?
False
Is 159 a factor of 717887900?
False
Is 1412255439 a multiple of 5043?
False
Is 11985564 a multiple of 188?
True
Is 7452 a factor of 817749123?
False
Does 999 divide 94774131?
True
Is 7 a factor of 10511494?
True
Is 1960 a factor of 293269226?
False
Is 1854931 a multiple of 417?
False
Is 238 a factor of 139409423?
False
Does 5787 divide 2148411656?
False
Is 18 a factor of 816948?
True
Is 12558238 a multiple of 14?
True
Is 232 a factor of 728850?
False
Is 4 a factor of 96054182?
False
Does 68 divide 77190676?
True
Is 239756958 a multiple of 42?
True
Does 825 divide 3541037775?
True
Is 3656667006 a multiple of 642?
True
Is 3056 a factor of 254253809?
False
Is 212753493 a multiple of 179?
True
Is 170819820 a multiple of 4932?
True
Is 2075 a factor of 799022327?
False
Does 88 divide 383896416?
False
Is 1560 a factor of 112329360?
True
Is 17 a factor of 11169291?
False
Does 50 divide 34436705?
False
Is 264115350 a multiple of 27?
True
Does 10 divide 71265452?
False
Is 186451200 a multiple of 39?
True
Is 277261502 a multiple of 49?
True
Is 618 a factor of 71581086?
True
Is 148196919 a multiple of 549?
False
Does 5 divide 15851644?
False
Is 152696775 a multiple of 2055?
True
Is 3305 a factor of 1221207556?
False
Is 42 a factor of 132354555?
False
Is 326640552 a multiple of 12?
True
Does 2453 divide 442229293?
True
Is 16 a factor of 134026100?
False
Is 441 a factor of 35668962?
True
Does 3 divide 33659938?
False
Does 808 divide 1180389100?
False
Does 1271 divide 13089489?
False
Does 107 divide 24568035?
False
Is 423 a factor of 51260219?
False
Is 268 a factor of 56082863?
False
Is 284791542 a multiple of 146?
True
Is 1804276 a multiple of 10?
False
Does 6 divide 333369180?
True
Is 554711168 a multiple of 8362?
False
Does 981 divide 52369497?
False
Is 403940712 a multiple of 3112?
True
Is 1055 a factor of 1395787126?
False
Does 22 divide 286750328?
False
Is 2184 a factor of 23387728?
False
Is 255 a factor of 294898582?
Fa